6
Suppose -l + 4*l = o + 218, 0 = o + 2. What is the highest common divisor of l and 108?
36
Let l be -3*1/((-6)/16). Let v be (-2)/(-1) + ((-456)/(-4))/3. What is the highest common factor of v and l?
8
Suppose 5*u - 180 = 240. Suppose 0*g = 3*g - u. Calculate the greatest common factor of g and 42.
14
Let m(g) = g**2 + 3*g - 4. Let k be m(-5). Let c be 3*-5*(-4)/k. Let r = 3 - -22. Calculate the highest common factor of r and c.
5
Suppose 26 - 6 = 5*d. Suppose 5*v - 255 - 278 = -d*w, 10 = 5*w. Calculate the highest common divisor of v and 15.
15
Suppose 0 = 2*i + 2*w + 3*w - 33, -3*i - 3*w + 45 = 0. Let s(g) = -g**2 - 14*g + 2. Let l be s(-10). Calculate the highest common factor of l and i.
14
Let l be 3*((-210)/(-9))/5. Let a be (-6)/(-21) + 38/l. What is the highest common factor of a and 3?
3
Let m be (-238)/(-10) + (-4)/(-20). Let v be ((-155)/(-25) - 5)/((-2)/(-280)). Calculate the highest common factor of m and v.
24
Let y be (6/5)/(8/260). Let w = -23 + y. Calculate the highest common divisor of w and 32.
16
Let u be (-19 - 1)/1*1. Let h = -11 - u. Calculate the greatest common divisor of h and 72.
9
Let u(t) = t**3 - 7*t**2 + 8*t - 1. Let r be 6/3*-1 + 8. Let g be u(r). Suppose 0 = -0*h - 3*h + 33. Calculate the highest common factor of g and h.
11
Let a = -3 - -4. Let i(k) = 6*k - 1. Let n be i(1). Suppose 3*q - n*v = 36, 4*v = -18 + 6. What is the highest common divisor of q and a?
1
Let n(m) = 7*m - 1. Let w be n(-3). Let u = -15 - w. Calculate the highest common divisor of u and 63.
7
Suppose 4*z + 128 = 2*w + w, 5*w = -5*z + 190. Suppose -w = -2*i - 10. Let x be 1/(-2) + 62/4. Calculate the highest common factor of i and x.
15
Suppose 3*w - 64 = -w. Suppose 2*b - u - 6 = -3*u, 4*b = -u + 15. Suppose 61 = b*p + q, 5*q = -5*p + 83 - 18. What is the highest common divisor of p and w?
16
Let s be (1/(-3))/((-1)/(-9)). Let h be 16*2/(-6)*s. What is the highest common factor of h and 32?
16
Suppose -g = -n + 491, 370 = -g + 4*n - 109. Let v = g + 724. Let d = v - 117. What is the highest common divisor of 14 and d?
14
Let d be -3 - (-547 - -2) - 3. What is the highest common divisor of 49 and d?
49
Let j(t) = -t**3 - 6*t**2 + 3. Let r be j(-6). Suppose -6 - 27 = -r*c. What is the highest common factor of 22 and c?
11
Suppose -i + 58 = d, -3*d + i - 3*i = -179. Suppose -b = 1 - 10. What is the greatest common divisor of d and b?
9
Let u(i) = -i**2 + 12*i - 8. Let h be u(12). Let f = 4 - h. What is the greatest common factor of f and 96?
12
Let q = 15 + 4. Calculate the greatest common factor of q and 171.
19
Let o = -110 + 133. What is the greatest common divisor of 46 and o?
23
Let x be (24/(-10))/(3/(-30)). Let c = x + 10. Let d = c + 41. What is the highest common factor of 15 and d?
15
Suppose -5*f + 415 + 425 = 0. What is the highest common factor of f and 42?
42
Let z = -1 + 6. What is the greatest common factor of z and 35?
5
Let q = 17 - -3. Suppose q + 0 = 5*f, 0 = 5*k + 4*f - 181. Calculate the greatest common divisor of 3 and k.
3
Let a = 118 - -14. Let q be (-4)/(-6)*18*1. What is the highest common factor of q and a?
12
Suppose -68 - 52 = -10*y. Let c(a) = a**2 + 3*a - 4. Let p be c(5). What is the highest common factor of p and y?
12
Suppose 4*s - 40 = r - 2*r, -r = -3*s - 40. Suppose 6*z = z + r. What is the greatest common factor of z and 40?
8
Suppose -4*n = p + 10, -p - 10 = -4*p - 4*n. What is the highest common divisor of p and 4?
2
Let t(q) = -q**2 + 17*q - 16. Let l be t(9). Calculate the highest common divisor of l and 14.
14
Let f be 10 - 5/(5/3). Suppose f*c = 3*c + 76. Let p be c/2 - 6/4. Calculate the greatest common divisor of 88 and p.
8
Let s(h) = -h**3 + h**2 + 9*h - 4. Let g be s(-3). Let n be (-107)/(-7) - (-4)/(-14). What is the greatest common divisor of g and n?
5
Let c be 3 - (-2 + 40/(-4)). Calculate the greatest common divisor of 6 and c.
3
Let k(o) = -o**2 - 9*o - 7. Let g be k(-6). What is the greatest common factor of g and 121?
11
Suppose -6*s + 48 = -4*s. What is the highest common divisor of 60 and s?
12
Let u be (4/(-2))/((-16)/24). Suppose 19 = u*o + 4*y, o - 4*o - 2*y = -23. What is the highest common factor of 3 and o?
3
Let u = -13 - -19. Let k be (-22)/u*-3 + 0. What is the highest common divisor of k and 22?
11
Let a be ((-104)/(-12))/((-8)/(-12)) - 3. Let c be (0 + -1)/(2/76). Let o = c - -118. Calculate the greatest common divisor of a and o.
10
Let i = -88 + 154. Suppose -5*o + 11 = -9. Suppose n + n - 4*d = -o, 2*d + 4 = 2*n. Calculate the highest common divisor of n and i.
6
Let d be 0/1*2/(-4). Suppose 2*w + d*w + 176 = -2*t, 5*w - t + 410 = 0. Let n = -29 - w. What is the highest common factor of 6 and n?
6
Suppose -5*y = 5*k - 80, -3*k = 2*y + 2*k - 47. Calculate the highest common factor of y and 44.
11
Suppose -23 + 8 = -5*r. Suppose -f + 3 = 0, 0*s = -r*s + f + 3. Calculate the greatest common factor of 2 and s.
2
Let v(k) = -7*k**2 + 8*k - 3. Let t(o) = -4*o**2 + 4*o - 2. Let w(l) = 5*t(l) - 3*v(l). Let a be w(5). Calculate the highest common factor of 36 and a.
4
Let x = 9 - -10. Let o be ((-86)/4 - 7)/(6/(-8)). Calculate the greatest common divisor of x and o.
19
Let d be -72*(1 - 3/2). What is the highest common factor of d and 4?
4
Let g = 54 + -36. Let m = -5 + 17. Calculate the highest common divisor of g and m.
6
Let l be -6 + 4 + -1 - -4. Let g be 1/(l/2)*8. What is the highest common divisor of g and 40?
8
Let d(q) be the first derivative of -12*q**2 + 2*q - 1. Let b be d(-2). Suppose 0*z + z - b = 0. Calculate the highest common divisor of z and 10.
10
Let g = -79 - -86. What is the highest common divisor of 7 and g?
7
Let r = -83 + 173. What is the greatest common factor of r and 30?
30
Let u = 5 - 0. Let l = -1 + u. Calculate the highest common divisor of 4 and l.
4
Let m = -20 + 36. Let d = -10 + 14. Calculate the highest common factor of m and d.
4
Let p = 10 + -9. What is the greatest common factor of 11 and p?
1
Let v(u) = -u - 2. Let a be v(6). Let x = -5 - a. Calculate the highest common divisor of 21 and x.
3
Let f be (8/4)/(2/20). What is the greatest common factor of 160 and f?
20
Let u(w) = w**3 - 15*w**2 + 16*w. Let m be u(14). Calculate the highest common divisor of m and 84.
28
Suppose 0*b = b - 1. Let r be b/(-1 - 18/(-15)). Let y = r - -7. Calculate the highest common factor of 48 and y.
12
Let v be (-234)/(-15) + 4/10. Let x be (2 - -1) + -4 + 5. What is the highest common divisor of x and v?
4
Suppose 0 = -2*h + 4*d + 14, -3*d + 2*d + 7 = h. Let f = -9 - -5. Let m be f/14 + 156/h. What is the highest common divisor of m and 55?
11
Suppose 149 - 50 = 3*c. Let l(m) = 15*m. Let a(t) = 7*t. Let b(p) = 13*a(p) - 6*l(p). Let u be b(3). Calculate the highest common divisor of c and u.
3
Suppose -3*q = 4*a + 95, -2*a - 2*q - 40 - 10 = 0. Let n = -12 - a. What is the greatest common divisor of n and 24?
8
Suppose 0 = -0*x - x + 48. What is the greatest common divisor of x and 32?
16
Let g(u) = 2*u + 3. Let w be g(-4). Let l(s) = -s**3 + 6*s**2 + 3*s - 1. Let a be l(6). Let b = w + a. What is the greatest common divisor of b and 72?
12
Let v be ((-27)/(-6))/((-3)/28). Let l(s) = -7*s + 7. Let p be l(-13). Let w = v + p. What is the highest common divisor of w and 7?
7
Let x(r) = -r**2 - 7*r - 2. Let a be x(-7). Let f be 0 - 1 - (a + -5). Calculate the greatest common factor of f and 12.
6
Let w(y) = 18*y + 3. Let j be w(-6). Let q = 165 + j. Calculate the greatest common divisor of 10 and q.
10
Let v(j) = j + 9. Let q be v(0). Suppose h + 2 = 5*u - 3*h, -2 = 4*u - 2*h. Let b be 73 + 0/u + -1. What is the greatest common divisor of b and q?
9
Let b be 3*(44/12 - 1). Let f be (-210)/3*(-4)/5. What is the greatest common divisor of f and b?
8
Let a(b) = -4*b - 4. Let z be a(-10). What is the greatest common factor of z and 18?
18
Let l be -1 + 2 + (9 - 2). Suppose -l*g + 24 = -4*g. Calculate the highest common factor of g and 42.
6
Let x be 0/(-1 + 2) + 4. Suppose r - 5 = x. What is the highest common factor of 63 and r?
9
Let x(a) = 2*a + 4. Let t be x(0). Suppose 4*g + 42 = 2*q - 0*q, 2*g = 3*q - 71. Let r = q - 15. What is the greatest common factor of r and t?
2
Let k be 16*6*4/12. Calculate the highest common factor of k and 96.
32
Let q be (-2 -